 - -259. Let c be (10/4*4)/r. Give d(c).
-14
Let a(v) = v**3 - 14*v**2 + 17*v - 48. Suppose -2*z = 3*t - 6*t + 43, 4*z = -t + 5. Calculate a(t).
4
Let t(s) = -16695 + 8345 + 6*s + 8346. What is t(-11)?
-70
Let d(r) = -11*r**2 - 6 - 9590*r + 4775*r + 2*r**3 + 4805*r. Give d(6).
-30
Let z(l) = -l**3 + 5*l**2 - 4*l - 5. Let x(v) = v**3 - 19*v**2 - 18*v - 40. Let p be x(20). Suppose -11*r + 50 - 6 = p. Give z(r).
-5
Suppose -14 = -5*l + 10 - 4. Let m(o) be the first derivative of -6 + l*o**2 + 0*o + 1/3*o**3. Give m(-6).
-12
Let z(f) = f**3 + 5 - 82*f**2 + 9*f + 1 + 155*f**2 - 81*f**2. Calculate z(6).
-12
Let j(i) = 23259*i**3 + 4*i**2 + 0*i**2 - 23260*i**3 + 6*i. Suppose 20 = -a + 2*n + 3*n, -2*n = 4*a - 30. Give j(a).
5
Let w(a) = -a**2 + 10*a - 7. Let n = -28 + 30. Suppose -2 = 5*s + 4*p, -5*s - 2*p = -n*s. Suppose -22 = -8*j + 4*j - k, 0 = -j - s*k + 2. Determine w(j).
17
Let t(q) = -8*q - 1. Let s(m) = -4 + 6*m + 5 - 1 + 1. Let v(a) = -7*s(a) - 5*t(a). Give v(9).
-20
Let x(r) = -10*r + 4*r + 2*r + 6*r - 11 - r. Give x(-15).
-26
Let q(i) be the second derivative of -i**6/720 - i**5/30 + i**4/4 + 3*i. Let b(t) be the third derivative of q(t). Let h be ((-7)/28 - 0)*8*-3. Calculate b(h).
-10
Let c(r) be the third derivative of 5*r**4/6 + r**3/6 - 12*r**2. Suppose 0 = 69*f + 109 + 29. Give c(f).
-39
Let r(s) = s**2 + 9*s - 1. Let m be (-2)/(3 + -4) - -6. Suppose -9*q + m*q + 16 = 0. Suppose k + 5*p = q, -3*p + 1 + 5 = k. What is r(k)?
-1
Let r(z) = z**2 + 29*z + 13. Suppose -3*j = -3*d + 105, 2*d + 35 = -j + 18. What is r(j)?
13
Suppose -5*t = 5*q - 3565, 15*q + 1420 = 2*t + 20*q. Let z = t + -720. Let g(m) = 2*m**2 + 2*m - 6. Determine g(z).
34
Let c = 2694 - 2698. Let y(s) = -2*s**3 - 3*s**2 + 7*s + 7. Determine y(c).
59
Let n(z) = -234*z + 222*z + 50*z**2 - 49*z**2 - 8 - 9. Give n(13).
-4
Let l(z) be the second derivative of -1/2*z**3 + 17/2*z**2 - 1/60*z**5 - 16*z - 1/12*z**4 + 0. Let f(q) be the first derivative of l(q). Determine f(-5).
-18
Let n(m) = 4*m + 12. Suppose -7*y = -200 + 242. Calculate n(y).
-12
Let b(t) = -17*t**3 - 10*t**2 + 36*t - 37. Let k(y) = -5*y**3 - 3*y**2 + 11*y - 11. Let x(a) = 2*b(a) - 7*k(a). Determine x(-5).
-72
Let q(w) = -70*w - 1686. Let o be q(-24). Let l(u) = -u**3 - 9*u**2 - 2*u + 2. What is l(o)?
-94
Let l(n) = 591*n - 1759*n + 591*n + 581*n - 17. Determine l(7).
11
Let m(b) = 3*b**3 + b**2 + 3*b - 4. Let j = -38 + 46. Let i(v) = -6 - j + 16 + v**2 - 3 + v**3. Let w(c) = 4*i(c) - m(c). What is w(-4)?
-4
Let w(f) = -f - 16. Let j(t) = 2*t + 16. Let s(x) = 2*j(x) + 3*w(x). Suppose 113*n + 3 = 116*n. Let i be (2/8 - (-5)/(-20))/n. What is s(i)?
-16
Let d(c) = c**2 + 11*c + 7. Suppose -71 = -22*k + 83. Let s be 1*(-5 + 4) - k. Calculate d(s).
-17
Let i(n) = -206*n**3 + 102*n**3 + 2*n**2 + 105*n**3 - 2 + 4*n + 5*n**2 - n**2. Determine i(-5).
3
Let r(i) = -4*i + 1. Let v be (-124)/(-44) - (-2)/11. Let u be v + 2*(11/1 + -3). Let g = 22 - u. Give r(g).
-11
Let u(b) = 3*b - 12. Let o be u(5). Let y = 102 + -87. Let r(z) = 8*z**o - y + 2*z - z + 14. Determine r(1).
8
Suppose 94*a - 89*a + 5 = 0, -30 = -5*o - 10*a. Let j(x) be the second derivative of 1/20*x**5 - 1/2*x**3 + 2*x**2 - 2/3*x**4 + 0 - 2*x. What is j(o)?
-20
Let m be (-4)/(-6)*(3 - 0). Let r(y) be the first derivative of y**4/12 + y**2 + 58*y + 39. Let c(i) be the first derivative of r(i). Give c(m).
6
Let v(k) be the third derivative of -k**7/560 - k**6/720 + k**5/60 + 2*k**2. Let p(l) be the third derivative of v(l). Let o = 65994 + -65995. Determine p(o).
8
Let s be 3 - -22*(-2)/(-4). Let f(r) = -r**3 + 12*r**2 + 26*r + 28. Let t be f(s). Let j(d) = -319 + t*d + 306 - 3*d. Calculate j(-6).
5
Let h(b) = 108197*b**2 + 8*b + 108194*b**2 - 216393*b**2 + 51. What is h(-4)?
-13
Let o(f) be the first derivative of 13*f**2/2 - 593*f + 14287. What is o(45)?
-8
Let i(z) = 5*z + 39. Let g = -3656 - -3650. Determine i(g).
9
Let k(c) = -21*c**2 + 21 + 9*c**2 + 18 + 4*c - 34. Give k(-1).
-11
Let f(z) = 1 + 2*z + 1883*z**3 + 1883*z**3 - 5645*z**3 + 8*z**2 + 1882*z**3 + 0*z. What is f(-4)?
-71
Let b(q) be the first derivative of -q**5/40 + q**4/6 + 25*q**3/3 - 172. Let g(a) be the third derivative of b(a). Determine g(10).
-26
Let f = -2 + 0. Let m(r) be the third derivative of 0 - 172*r**2 - 1/3*r**3 + 0*r - 1/8*r**4. Give m(f).
4
Let o(v) = 7*v**2 - 2*v - 1. Let f = -256 + 265. Suppose -f*j + 18 = 27. Determine o(j).
8
Let h(q) = q - 1. Let x = 69 + -48. Let w be -1*(4/(-6))/(14/x). Suppose 5*t = z + 20, -3*t + 9 + w = -z. What is h(z)?
4
Let o(u) = -15*u**3 + 7*u**2 - 30*u - 53. Let t(h) = 7*h**3 - 4*h**2 + 15*h + 26. Let r(y) = 6*o(y) + 13*t(y). Calculate r(8).
12
Let c(a) be the first derivative of a**6/360 + a**5/15 + 11*a**3/3 - 4*a + 3. Let s(m) be the third derivative of c(m). Give s(-7).
-7
Let h(a) = -103*a**2 + 14*a + 15. Let y(j) = 2*j**2 - j - 1. Let o(n) = -h(n) - 14*y(n). Give o(-1).
74
Let b(p) = -3*p**3 - 15*p**2 - 9*p - 3. Suppose 7*q - 17 + 31 = 0. Let m(t) = -t**3 - 7*t**2 - 5*t - 1. Let l(r) = q*b(r) + 5*m(r). Calculate l(6).
-5
Suppose b - 4*n = -21, 140*b - 143*b - 3 = -2*n. Let m(d) = -10*d + 3. Calculate m(b).
-27
Let x(k) = 6*k**3 + 6*k**2 + 38*k - 34. Let j(u) = u**3 + u**2 + 5*u - 1. Let o(p) = 8*j(p) - x(p). Give o(0).
26
Let r(k) = -k**3 + 5*k**2 - 4*k + 1. Let c(w) = -2 + 4*w**2 - w**2 + 13*w + 2. Let b be c(-6). Suppose 0*g + 10*g = b. Calculate r(g).
7
Let h(g) be the second derivative of -g**3 + 10*g**2 + 8687*g. Let u be (1 - (4 - -1))/(-1). Determine h(u).
-4
Let i(t) be the first derivative of -t**4/4 + 2*t**3/3 + t**2/2 - 9. Suppose -148 = 3*f - 40*f. Give i(f).
-28
Let s(u) be the first derivative of u**3 + 11*u**2/2 + 18*u - 2291. Give s(-6).
60
Let j be 0 + (-14 - 6)/(-4). Let p be (j/2)/(-5*(-2)/20). Let l(u) = 2*u**2 - 3*u - 5. Give l(p).
30
Let r(l) = -l**2 - 17*l + 24. Let w be r(-18). Let x(j) = -j + 0 + w - 7 + 2. Suppose 4*s + 16 = 0, 0 = -3*d + 2*s - 3 + 14. What is x(d)?
0
Let w(h) be the second derivative of -5*h**4/12 - 16*h**3/3 + 23*h**2/2 - 6114*h. Give w(-8).
-41
Let h(j) = 2*j**3 + 5*j**2 + 2*j - 1. Let a(y) = -y**3 - y**2 - y + 1. Let g(r) = 5*a(r) + 3*h(r). Determine g(-10).
-8
Let z(t) be the first derivative of -t**3/3 + 5*t**2 + 4*t - 47. Suppose 81*j - 413 = 154. What is z(j)?
25
Let n = -2248 - -2248. Let q(x) = 2*x - 51. Calculate q(n).
-51
Suppose 3*z = -z - 8. Let d(t) = -3*t**2 - 3*t + 2. Let j(k) = -2*k**2 + 2*k**2 - 6*k**2 - 2 + 5 + 3 - 6*k. Let u(b) = -5*d(b) + 2*j(b). Calculate u(z).
8
Suppose 0 = 2*h - 2*z - 4, -2*z + 5 + 15 = 2*h. Let i(s) be the second derivative of -5/2*s**2 + 1/2*s**4 + 1/3*s**3 - 7*s - 1/20*s**5 + 0. Determine i(h).
7
Let l(j) = j**3 - 7*j**2 - 9*j + 5. Let u = -4918 + 4926. Determine l(u).
-3
Let a(y) = 4*y**2 + 4*y. Let r(x) = -8*x**2 - 6*x - 1. Let z(h) = -h**2. Let l(d) = r(d) - 3*z(d). Let v(m) = 3*a(m) + 2*l(m). Determine v(-3).
16
Let n(z) = -10*z**2 - z. Let s(m) = 39*m**2 + 2*m + 5. Let l(y) = -21*y**2 - y - 3. Let b(j) = 5*l(j) + 3*s(j). Let r(p) = -3*b(p) - 4*n(p). Give r(-1).
3
Let f(i) be the first derivative of 1/4*i**4 - 6 + 4*i**2 - 4*i - 7/3*i**3. Give f(6).
8
Let o(u) be the third derivative of -u**4/24 + 2*u**3/3 + 20*u**2 + 5. Let h = -8 - -10. Suppose -h*j = 4, -m + 8*j = 3*j - 14. Give o(m).
0
Let n(y) = -2*y**2 - 177*y - 2. Let g(o) = 2*o**2 + 129*o + 1. Let l(x) = 4*g(x) + 3*n(x). Give l(8).
6
Suppose 0 = 4*r - 5 + 21. Let i(a) = -4*a - 5. Let d be (6/4)/(3*(-1)/(-8)). Let g(m) = m + 1. Let b(s) = d*g(s) + 2*i(s). What is b(r)?
10
Let a(v) = -v - 16. Let x be a(-12). Let t be (-5 - -5) + 1 + x. Let p(c) be the first derivative of -c**2/2 - c - 5. Determine p(t).
2
Let c(z) = -6*z**2 - 11*z**2 + z**3 - 494*z - 3*z**2 + 3*z**2 + 479*z + 13. What is c(18)?
67
Let r(b) = -5*b. Let x be r(2). Let d(q) = 1278*q**3 - 11 + 3*q - 7 + 1270*q**3 + 4*q**2 + 5*q - 2547*q**3 + 7*q**2. Determine d(x).
2
Let l(i) = 23*i - 70*i + 15*i + 6 + 18*i + 13*i. What is l(-1)?
7
Let x(r) = -6*r - 141. Let o be x(-24). Let m(d) be the first derivative of -2*d**3/3 - d**2 + 3*d + 318. Give m(o).
-21
Let p = 5620 + -5669. Let z(v) = -6*v - 304. Calculate z(p).
-10
Let j(q) = -25*q + 2. Let i be ((15 - 6) + -13)/2. What is j(i)?
52
Suppose -s + 4*p - 13 = 0, 391 = -3*p + 400.